{"id":1650,"date":"2019-12-20T21:20:35","date_gmt":"2019-12-20T21:20:35","guid":{"rendered":"https:\/\/heriwecs.de\/?page_id=1650"},"modified":"2020-03-18T19:01:18","modified_gmt":"2020-03-18T19:01:18","slug":"heriwecs-ailsa-craig-ailsa","status":"publish","type":"page","link":"https:\/\/heriwecs.de\/?page_id=1650","title":{"rendered":"Heriwec&#8217;s Ailsa Craig &#8211; &#8222;Ailsa&#8220;"},"content":{"rendered":"\n<figure class=\"wp-block-image size-large\"><img fetchpriority=\"high\" decoding=\"async\" width=\"1024\" height=\"680\" src=\"https:\/\/heriwecs.de\/wp-content\/uploads\/2019\/12\/DSC_9478-2-1024x680.jpg\" alt=\"\" class=\"wp-image-1644\" srcset=\"https:\/\/heriwecs.de\/wp-content\/uploads\/2019\/12\/DSC_9478-2-1024x680.jpg 1024w, https:\/\/heriwecs.de\/wp-content\/uploads\/2019\/12\/DSC_9478-2-300x199.jpg 300w, https:\/\/heriwecs.de\/wp-content\/uploads\/2019\/12\/DSC_9478-2-768x510.jpg 768w, https:\/\/heriwecs.de\/wp-content\/uploads\/2019\/12\/DSC_9478-2-1536x1020.jpg 1536w, https:\/\/heriwecs.de\/wp-content\/uploads\/2019\/12\/DSC_9478-2.jpg 1737w\" sizes=\"(max-width: 1024px) 100vw, 1024px\" \/><figcaption>Ailsa mit 9 Monaten<\/figcaption><\/figure>\n\n\n\n<figure class=\"wp-block-image size-large\"><img decoding=\"async\" width=\"1024\" height=\"680\" src=\"https:\/\/heriwecs.de\/wp-content\/uploads\/2019\/12\/DSC_9482-2-1024x680.jpg\" alt=\"\" class=\"wp-image-1642\" srcset=\"https:\/\/heriwecs.de\/wp-content\/uploads\/2019\/12\/DSC_9482-2-1024x680.jpg 1024w, https:\/\/heriwecs.de\/wp-content\/uploads\/2019\/12\/DSC_9482-2-300x199.jpg 300w, https:\/\/heriwecs.de\/wp-content\/uploads\/2019\/12\/DSC_9482-2-768x510.jpg 768w, https:\/\/heriwecs.de\/wp-content\/uploads\/2019\/12\/DSC_9482-2-1536x1020.jpg 1536w, https:\/\/heriwecs.de\/wp-content\/uploads\/2019\/12\/DSC_9482-2.jpg 1920w\" sizes=\"(max-width: 1024px) 100vw, 1024px\" \/><figcaption>Ailsa mit 9 Monaten<\/figcaption><\/figure>\n\n\n\n<p>Ailsa (gesprochen \u00c4l\u00dfa), geboren am 18.03.2019, ist unser Herzhund aus Santas Wurf. Sie ist immer fr\u00f6hlich, immer zugewandt, temperamentvoll und freut sich \u00fcber jeden Menschen, der sie kennenlernen m\u00f6chte. Genau wie ihr Bruder ist sie ausgesprochen wachsam&#8230;.man k\u00f6nnte denken, sie &#8222;finden ihre Stimmen sch\u00f6n&#8220;, denn sie haben immer was zu sagen. Womit auch Ailsas Spitzname &#8222;Bell&#8217;s&#8220; erkl\u00e4rt und unsere aktuelle Hauptbesch\u00e4ftigung definiert ist &#8211; wir sind noch in corgitypisch-hartn\u00e4ckigen Verhandlungen, wann es sich zu bellen lohnt und wann nicht \ud83d\ude09<\/p>\n<figure id=\"attachment_1657\" aria-describedby=\"caption-attachment-1657\" style=\"width: 660px\" class=\"wp-caption alignnone\"><img decoding=\"async\" class=\"wp-image-1657 size-large\" src=\"https:\/\/heriwecs.de\/wp-content\/uploads\/2019\/12\/DSC_9532-1024x680.jpg\" alt=\"\" width=\"660\" height=\"438\" srcset=\"https:\/\/heriwecs.de\/wp-content\/uploads\/2019\/12\/DSC_9532-1024x680.jpg 1024w, https:\/\/heriwecs.de\/wp-content\/uploads\/2019\/12\/DSC_9532-300x199.jpg 300w, https:\/\/heriwecs.de\/wp-content\/uploads\/2019\/12\/DSC_9532-768x510.jpg 768w, https:\/\/heriwecs.de\/wp-content\/uploads\/2019\/12\/DSC_9532-1536x1020.jpg 1536w, https:\/\/heriwecs.de\/wp-content\/uploads\/2019\/12\/DSC_9532.jpg 1920w\" sizes=\"(max-width: 660px) 100vw, 660px\" \/><figcaption id=\"caption-attachment-1657\" class=\"wp-caption-text\">Ailsa (9 Monate)<\/figcaption><\/figure>\n<figure id=\"attachment_1661\" aria-describedby=\"caption-attachment-1661\" style=\"width: 660px\" class=\"wp-caption alignnone\"><img loading=\"lazy\" decoding=\"async\" class=\"wp-image-1661 size-large\" src=\"https:\/\/heriwecs.de\/wp-content\/uploads\/2019\/12\/DSC_9536-2-1024x680.jpg\" alt=\"\" width=\"660\" height=\"438\" srcset=\"https:\/\/heriwecs.de\/wp-content\/uploads\/2019\/12\/DSC_9536-2-1024x680.jpg 1024w, https:\/\/heriwecs.de\/wp-content\/uploads\/2019\/12\/DSC_9536-2-300x199.jpg 300w, https:\/\/heriwecs.de\/wp-content\/uploads\/2019\/12\/DSC_9536-2-768x510.jpg 768w, https:\/\/heriwecs.de\/wp-content\/uploads\/2019\/12\/DSC_9536-2-1536x1020.jpg 1536w, https:\/\/heriwecs.de\/wp-content\/uploads\/2019\/12\/DSC_9536-2.jpg 1920w\" sizes=\"(max-width: 660px) 100vw, 660px\" \/><figcaption id=\"caption-attachment-1661\" class=\"wp-caption-text\">&#8222;Bell&#8217;s und B\u00f6kket&#8220; (Ailsa und Astracan) im Dezember 2019<\/figcaption><\/figure>\n<figure id=\"attachment_1658\" aria-describedby=\"caption-attachment-1658\" style=\"width: 660px\" class=\"wp-caption alignnone\"><img loading=\"lazy\" decoding=\"async\" class=\"wp-image-1658 size-large\" src=\"https:\/\/heriwecs.de\/wp-content\/uploads\/2019\/12\/DSC_9443-2-1024x680.jpg\" alt=\"\" width=\"660\" height=\"438\" srcset=\"https:\/\/heriwecs.de\/wp-content\/uploads\/2019\/12\/DSC_9443-2-1024x680.jpg 1024w, https:\/\/heriwecs.de\/wp-content\/uploads\/2019\/12\/DSC_9443-2-300x199.jpg 300w, https:\/\/heriwecs.de\/wp-content\/uploads\/2019\/12\/DSC_9443-2-768x510.jpg 768w, https:\/\/heriwecs.de\/wp-content\/uploads\/2019\/12\/DSC_9443-2-1536x1020.jpg 1536w, https:\/\/heriwecs.de\/wp-content\/uploads\/2019\/12\/DSC_9443-2.jpg 1920w\" sizes=\"(max-width: 660px) 100vw, 660px\" \/><figcaption id=\"caption-attachment-1658\" class=\"wp-caption-text\">Ailsa, Santa und Astracan (Dezember 2019)<\/figcaption><\/figure>\n<p>&nbsp;<\/p>\n","protected":false},"excerpt":{"rendered":"<p>Ailsa (gesprochen \u00c4l\u00dfa), geboren am 18.03.2019, ist unser Herzhund aus Santas Wurf. Sie ist immer fr\u00f6hlich, immer zugewandt, temperamentvoll und freut sich \u00fcber jeden Menschen, der sie kennenlernen m\u00f6chte. Genau wie ihr Bruder ist sie ausgesprochen wachsam&#8230;.man k\u00f6nnte denken, sie &#8222;finden ihre Stimmen sch\u00f6n&#8220;, denn sie haben immer was zu sagen. Womit auch Ailsas Spitzname &hellip; <a href=\"https:\/\/heriwecs.de\/?page_id=1650\" class=\"more-link\"><span class=\"screen-reader-text\">Heriwec&#8217;s Ailsa Craig &#8211; &#8222;Ailsa&#8220;<\/span> weiterlesen<\/a><\/p>\n","protected":false},"author":1,"featured_media":0,"parent":43,"menu_order":0,"comment_status":"closed","ping_status":"closed","template":"","meta":{"ngg_post_thumbnail":0,"footnotes":""},"class_list":["post-1650","page","type-page","status-publish","hentry"],"_links":{"self":[{"href":"https:\/\/heriwecs.de\/index.php?rest_route=\/wp\/v2\/pages\/1650","targetHints":{"allow":["GET"]}}],"collection":[{"href":"https:\/\/heriwecs.de\/index.php?rest_route=\/wp\/v2\/pages"}],"about":[{"href":"https:\/\/heriwecs.de\/index.php?rest_route=\/wp\/v2\/types\/page"}],"author":[{"embeddable":true,"href":"https:\/\/heriwecs.de\/index.php?rest_route=\/wp\/v2\/users\/1"}],"replies":[{"embeddable":true,"href":"https:\/\/heriwecs.de\/index.php?rest_route=%2Fwp%2Fv2%2Fcomments&post=1650"}],"version-history":[{"count":11,"href":"https:\/\/heriwecs.de\/index.php?rest_route=\/wp\/v2\/pages\/1650\/revisions"}],"predecessor-version":[{"id":1780,"href":"https:\/\/heriwecs.de\/index.php?rest_route=\/wp\/v2\/pages\/1650\/revisions\/1780"}],"up":[{"embeddable":true,"href":"https:\/\/heriwecs.de\/index.php?rest_route=\/wp\/v2\/pages\/43"}],"wp:attachment":[{"href":"https:\/\/heriwecs.de\/index.php?rest_route=%2Fwp%2Fv2%2Fmedia&parent=1650"}],"curies":[{"name":"wp","href":"https:\/\/api.w.org\/{rel}","templated":true}]}}