{"id":357,"date":"2018-05-10T14:32:03","date_gmt":"2018-05-10T14:32:03","guid":{"rendered":"https:\/\/heriwecs.de\/?page_id=357"},"modified":"2023-03-27T18:30:10","modified_gmt":"2023-03-27T18:30:10","slug":"gesundheit","status":"publish","type":"page","link":"https:\/\/heriwecs.de\/?page_id=357","title":{"rendered":"Gesundheit\/health"},"content":{"rendered":"<p><img fetchpriority=\"high\" decoding=\"async\" class=\"alignnone size-medium wp-image-39\" src=\"https:\/\/heriwecs.de\/wp-content\/uploads\/2018\/03\/Februar-12-026-1-300x199.jpg\" alt=\"\" width=\"300\" height=\"199\" srcset=\"https:\/\/heriwecs.de\/wp-content\/uploads\/2018\/03\/Februar-12-026-1-300x199.jpg 300w, https:\/\/heriwecs.de\/wp-content\/uploads\/2018\/03\/Februar-12-026-1-768x510.jpg 768w, https:\/\/heriwecs.de\/wp-content\/uploads\/2018\/03\/Februar-12-026-1-1024x680.jpg 1024w, https:\/\/heriwecs.de\/wp-content\/uploads\/2018\/03\/Februar-12-026-1.jpg 2048w\" sizes=\"(max-width: 300px) 100vw, 300px\" \/><\/p>\n<p>Gesundheit ist ein ausgesprochen wichtiges und viel diskutiertes Thema in der Rassehundezucht. F\u00fcr Halter\/innen und Z\u00fcchter\/innen ist es bedeutsam, rassespezifische Dispositionen zu kennen und einsch\u00e4tzen zu k\u00f6nnen.<\/p>\n<p>Eine Vielfalt an Testverfahren erm\u00f6glicht es heute, Erkenntnisse \u00fcber den gesundheitlichen Zustand von Hundrassen zu gewinnen. Die Erhebung von Gesundheitsdaten bietet somit die Chance, zu erkennen, ob und in welchem Ma\u00dfe in einer Rasse gesundheitliche Probleme vorliegen. Bei Bedarf k\u00f6nnen aus den Daten Ma\u00dfnahmen abgeleitet werden, um Gesundheit gezielt zu erhalten oder verbessern zu k\u00f6nnen. Als zunehmend relevanter Aspekt stellt sich in diesem Kontext die Erhaltung der genetischen Vielfalt dar &#8211; besonders bei Rassen mit kleinem Genpool.<\/p>\n<p>Viele Welsh Corgi Cardigan erreichen bei guter Gesundheit ein Lebensalter von 12, 13 oder sogar mehr Jahren. Auf welche Erkrankungen die Rasse jeweils untersucht wird, kann von Land zu Land variieren. Im Club f\u00fcr Britische H\u00fctehunde (CfBrH) m\u00fcssen Welsh Corgi Cardigan vor Zuchteinsatz auf Augenerkrankungen wie z.B. Progressive Retinaatrophie (PRA) und auf H\u00fcftgelenksdysplasie (HD) getestet werden. Details dazu finden sich in der Zuchtordnung des CfBrH: <a href=\"https:\/\/www.cfbrh.de\/index.php\/club\/der-cfbrh\/zuchtordnung\" target=\"_blank\" rel=\"noopener\">https:\/\/www.cfbrh.de\/index.php\/club\/der-cfbrh\/zuchtordnung<\/a><\/p>\n<p>Dar\u00fcber hinaus testen viele Z\u00fcchter\/innen ihre Hunde auf Ellbogendysplasie (ED), Degenerative Myelopathie (DM) oder auf bestimmte Farbgene. Erst seit Kurzem steht in Deutschland u.a. f\u00fcr den Cardigan ein Gentest f\u00fcr Chondrodystrophie und das Risiko f\u00fcr Bandscheibenvorf\u00e4lle (IVDD) des Typ 1 zur Verf\u00fcgung.<\/p>\n<p>Informationen \u00fcber rassespezifische Dispositionen (auch anderer Rassen) finden sich z.B. auf der Webseite &#8222;Dog Breed Health&#8220; von Carol Fowler: <a href=\"http:\/\/www.dogbreedhealth.com\/welsh-corgi-cardigan\/\" target=\"_blank\" rel=\"noopener\">http:\/\/www.dogbreedhealth.com\/welsh-corgi-cardigan\/<\/a><\/p>\n<p>&nbsp;<\/p>\n<p><em>\u00a9 Heriwecs 2018<\/em><\/p>\n","protected":false},"excerpt":{"rendered":"<p>Gesundheit ist ein ausgesprochen wichtiges und viel diskutiertes Thema in der Rassehundezucht. F\u00fcr Halter\/innen und Z\u00fcchter\/innen ist es bedeutsam, rassespezifische Dispositionen zu kennen und einsch\u00e4tzen zu k\u00f6nnen. Eine Vielfalt an Testverfahren erm\u00f6glicht es heute, Erkenntnisse \u00fcber den gesundheitlichen Zustand von Hundrassen zu gewinnen. Die Erhebung von Gesundheitsdaten bietet somit die Chance, zu erkennen, ob und &hellip; <a href=\"https:\/\/heriwecs.de\/?page_id=357\" class=\"more-link\"><span class=\"screen-reader-text\">Gesundheit\/health<\/span> weiterlesen<\/a><\/p>\n","protected":false},"author":1,"featured_media":0,"parent":158,"menu_order":0,"comment_status":"closed","ping_status":"closed","template":"","meta":{"ngg_post_thumbnail":0,"footnotes":""},"class_list":["post-357","page","type-page","status-publish","hentry"],"_links":{"self":[{"href":"https:\/\/heriwecs.de\/index.php?rest_route=\/wp\/v2\/pages\/357","targetHints":{"allow":["GET"]}}],"collection":[{"href":"https:\/\/heriwecs.de\/index.php?rest_route=\/wp\/v2\/pages"}],"about":[{"href":"https:\/\/heriwecs.de\/index.php?rest_route=\/wp\/v2\/types\/page"}],"author":[{"embeddable":true,"href":"https:\/\/heriwecs.de\/index.php?rest_route=\/wp\/v2\/users\/1"}],"replies":[{"embeddable":true,"href":"https:\/\/heriwecs.de\/index.php?rest_route=%2Fwp%2Fv2%2Fcomments&post=357"}],"version-history":[{"count":40,"href":"https:\/\/heriwecs.de\/index.php?rest_route=\/wp\/v2\/pages\/357\/revisions"}],"predecessor-version":[{"id":1844,"href":"https:\/\/heriwecs.de\/index.php?rest_route=\/wp\/v2\/pages\/357\/revisions\/1844"}],"up":[{"embeddable":true,"href":"https:\/\/heriwecs.de\/index.php?rest_route=\/wp\/v2\/pages\/158"}],"wp:attachment":[{"href":"https:\/\/heriwecs.de\/index.php?rest_route=%2Fwp%2Fv2%2Fmedia&parent=357"}],"curies":[{"name":"wp","href":"https:\/\/api.w.org\/{rel}","templated":true}]}}