{"id":499,"date":"2019-01-21T17:46:02","date_gmt":"2019-01-21T17:46:02","guid":{"rendered":"https:\/\/heriwecs.de\/?page_id=499"},"modified":"2019-01-27T20:58:18","modified_gmt":"2019-01-27T20:58:18","slug":"zucht","status":"publish","type":"page","link":"https:\/\/heriwecs.de\/?page_id=499","title":{"rendered":"Zucht\/ breeding"},"content":{"rendered":"<p><img fetchpriority=\"high\" decoding=\"async\" class=\"alignnone wp-image-595 size-medium\" src=\"https:\/\/heriwecs.de\/wp-content\/uploads\/2018\/06\/P1070359-2-300x225.jpg\" alt=\"\" width=\"300\" height=\"225\" srcset=\"https:\/\/heriwecs.de\/wp-content\/uploads\/2018\/06\/P1070359-2-300x225.jpg 300w, https:\/\/heriwecs.de\/wp-content\/uploads\/2018\/06\/P1070359-2-768x576.jpg 768w, https:\/\/heriwecs.de\/wp-content\/uploads\/2018\/06\/P1070359-2-1024x768.jpg 1024w, https:\/\/heriwecs.de\/wp-content\/uploads\/2018\/06\/P1070359-2.jpg 2048w\" sizes=\"(max-width: 300px) 100vw, 300px\" \/><\/p>\n<p><span style=\"text-decoration: underline;\">Zucht:<\/span><br \/>\nOb wir \u00fcberhaupt z\u00fcchten wollen, haben wir lange \u00fcberlegt. Und so hat es einige Jahre gedauert, bis wir an dem Punkt angelangt waren, es tats\u00e4chlich einmal zu probieren. Allerdings dauert es aus unserer Sicht auch mehrere Jahre, bis man sich in &#8222;seiner&#8220; Hunderasse ein wenig &#8222;auskennt&#8220;.<\/p>\n<p>Als wir 2007 unseren ersten Corgi zu uns holten, bekam man Vertreter dieser Rasse auf der Stra\u00dfe kaum einmal zu Gesicht. Dies hat sich inzwischen ge\u00e4ndert. Wurden wir fr\u00fcher auf unsere &#8222;originelle Mischung&#8220; angesprochen, rufen heute viele Passanten: &#8222;Oh, guck mal, ein Corgi!&#8220; (Gerne auch: &#8222;Oh, guck mal, ein Gorki!&#8220;). Diese Ver\u00e4nderung betrachten wir durchaus mit gemischten Gef\u00fchlen. Da wir in der Vergangenheit erlebt haben, was mit Rassen passiert, die pl\u00f6tzlich st\u00e4rker nachgefragt werden, sehen wir diese Entwicklung beim Corgi mit Sorge.<\/p>\n<p>Jetzt &#8211; im Fr\u00fchjahr 2019 &#8211; sind wir jedoch zun\u00e4chsteinmal mit der Planung unseres ersten Wurfes besch\u00e4ftigt. Ob wir uns anschlie\u00dfend vorstellen k\u00f6nnen, weiterzuz\u00fcchten, warten wir in Ruhe ab. Welche Vorstellungen uns beim Thema Zucht leiten, haben wir im Folgenden unter &#8218;Zuchtziele&#8216; zusammengefasst.<\/p>\n<p><span style=\"text-decoration: underline;\">Zuchtziele:<\/span><br \/>\nDer Corgi ist urspr\u00fcnglich ein Treibhund, der Kraft und Beweglichkeit mitbringen musste, um seinen Aufgaben nachzukommen. Uns gef\u00e4llt der Typ Cardigan, der von mittlerer Gr\u00f6\u00dfe und mittlerem Gewicht ist, einen gut proportionierten, ausbalancierten K\u00f6rperbau besitzt und ein fl\u00fcssiges, m\u00fcheloses Gangwerk hat. Au\u00dferdem gefallen uns Vertreter der Rasse, die einen eher lieblichen Gesichtsausdruck besitzen, welcher ihnen das ausgepr\u00e4gte, Corgi-typische Minenspiel erlaubt. Vom Wesen her w\u00fcnschen wir uns einen Hund, der seinen Menschen besonders zugetan ist, dabei ausgesprochen intelligent, charaktervoll und im Allgemeinen offen auftritt und eine ausgepr\u00e4gte Pers\u00f6nlichkeit besitzt &#8211; inklusive des f\u00fcr die Rasse so charakteristischen Humors.<\/p>\n<p>Alle unsere Hunde sind &#8211; auch wenn sie nicht zur Zucht eingesetzt wurden &#8211; auf HD, ED, DM, PRA, weitere Augenerkrankungen und Verkalkungen in den Bandscheiben untersucht. Dies l\u00e4sst bez\u00fcglich der genannten Erkrankungen eine Einsch\u00e4tzung zu, was von ihren Nachkommen zu erwarten w\u00e4re &#8211; eine Garantie auf v\u00f6llige Gesundheit ergibt sich daraus leider nicht. Ma\u00dfgeblich ist f\u00fcr uns daher ein transparenter, offener Umgang mit dem Thema Rassedispositionen, der zuk\u00fcnftigen Halterinnen und Haltern als Orientierungshilfe dienen soll. Durch die Teilnahme an kynologischen Seminaren sind wir bestrebt, unseren Kenntnisstand z.B. zu den Themen Genetik, Anatomie und Zucht aktuell zu halten.&nbsp;<\/p>\n<p><strong><em>\u00a9<\/em><\/strong> Heriwec&#8217;s 2019<\/p>\n","protected":false},"excerpt":{"rendered":"<p>Zucht: Ob wir \u00fcberhaupt z\u00fcchten wollen, haben wir lange \u00fcberlegt. Und so hat es einige Jahre gedauert, bis wir an dem Punkt angelangt waren, es tats\u00e4chlich einmal zu probieren. Allerdings dauert es aus unserer Sicht auch mehrere Jahre, bis man sich in &#8222;seiner&#8220; Hunderasse ein wenig &#8222;auskennt&#8220;. Als wir 2007 unseren ersten Corgi zu uns &hellip; <a href=\"https:\/\/heriwecs.de\/?page_id=499\" class=\"more-link\"><span class=\"screen-reader-text\">Zucht\/ breeding<\/span> weiterlesen<\/a><\/p>\n","protected":false},"author":1,"featured_media":0,"parent":7,"menu_order":0,"comment_status":"closed","ping_status":"closed","template":"","meta":{"ngg_post_thumbnail":0,"footnotes":""},"class_list":["post-499","page","type-page","status-publish","hentry"],"_links":{"self":[{"href":"https:\/\/heriwecs.de\/index.php?rest_route=\/wp\/v2\/pages\/499","targetHints":{"allow":["GET"]}}],"collection":[{"href":"https:\/\/heriwecs.de\/index.php?rest_route=\/wp\/v2\/pages"}],"about":[{"href":"https:\/\/heriwecs.de\/index.php?rest_route=\/wp\/v2\/types\/page"}],"author":[{"embeddable":true,"href":"https:\/\/heriwecs.de\/index.php?rest_route=\/wp\/v2\/users\/1"}],"replies":[{"embeddable":true,"href":"https:\/\/heriwecs.de\/index.php?rest_route=%2Fwp%2Fv2%2Fcomments&post=499"}],"version-history":[{"count":21,"href":"https:\/\/heriwecs.de\/index.php?rest_route=\/wp\/v2\/pages\/499\/revisions"}],"predecessor-version":[{"id":1232,"href":"https:\/\/heriwecs.de\/index.php?rest_route=\/wp\/v2\/pages\/499\/revisions\/1232"}],"up":[{"embeddable":true,"href":"https:\/\/heriwecs.de\/index.php?rest_route=\/wp\/v2\/pages\/7"}],"wp:attachment":[{"href":"https:\/\/heriwecs.de\/index.php?rest_route=%2Fwp%2Fv2%2Fmedia&parent=499"}],"curies":[{"name":"wp","href":"https:\/\/api.w.org\/{rel}","templated":true}]}}