{"id":532,"date":"2018-06-18T16:02:06","date_gmt":"2018-06-18T16:02:06","guid":{"rendered":"https:\/\/heriwecs.de\/?page_id=532"},"modified":"2023-03-27T17:15:42","modified_gmt":"2023-03-27T17:15:42","slug":"ueber-uns","status":"publish","type":"page","link":"https:\/\/heriwecs.de\/?page_id=532","title":{"rendered":"\u00dcber uns\/ about us"},"content":{"rendered":"<p><img fetchpriority=\"high\" decoding=\"async\" class=\"alignnone wp-image-197 size-full\" src=\"https:\/\/heriwecs.de\/wp-content\/uploads\/2018\/03\/DSC_2309.jpg\" alt=\"\" width=\"640\" height=\"425\" srcset=\"https:\/\/heriwecs.de\/wp-content\/uploads\/2018\/03\/DSC_2309.jpg 640w, https:\/\/heriwecs.de\/wp-content\/uploads\/2018\/03\/DSC_2309-300x199.jpg 300w\" sizes=\"(max-width: 640px) 100vw, 640px\" \/><\/p>\n<p>1989 kam der erste Hund ins Haus &#8211; es war eine Altdeutsche Sch\u00e4ferh\u00fcndin aus dem Tierheim (1988-2002). Sie hatte ein wunderbares Wesen und war ganz einfach der beste Hund der Welt. Auch die nachfolgenden Hunde, ein Wolfsspitzmischling (1992-2006) und eine Corgi-\u00e4hnliche Mischlingsh\u00fcndin (1996-2009), kamen aus dem Tierschutz; alle drei lebten harmonisch zusammen &#8211; auch mit unseren damaligen Katzen. Im Jahr 2007 zog dann unser erster Welsh Corgi Cardigan \u201eGordy\u201c ein, denn unsere verbliebene H\u00fcndin sollte wieder Gesellschaft bekommen. Mit Gordy haben wir unsere ersten Erfahrungen auf Hundeausstellungen gesammelt.<\/p>\n<p><img decoding=\"async\" class=\"alignnone wp-image-534 size-thumbnail\" src=\"https:\/\/heriwecs.de\/wp-content\/uploads\/2018\/06\/img_0015-150x150.jpg\" alt=\"\" width=\"150\" height=\"150\"> <img decoding=\"async\" class=\"alignnone wp-image-535 size-thumbnail\" src=\"https:\/\/heriwecs.de\/wp-content\/uploads\/2018\/06\/p1000747-150x150.jpg\" alt=\"\" width=\"150\" height=\"150\">&nbsp;<img loading=\"lazy\" decoding=\"async\" class=\"alignnone size-thumbnail wp-image-536\" src=\"https:\/\/heriwecs.de\/wp-content\/uploads\/2018\/06\/p1010071-150x150.jpg\" alt=\"\" width=\"150\" height=\"150\">&nbsp;<img loading=\"lazy\" decoding=\"async\" class=\"alignnone size-thumbnail wp-image-554\" src=\"https:\/\/heriwecs.de\/wp-content\/uploads\/2018\/06\/img_1457-150x150.jpg\" alt=\"\" width=\"150\" height=\"150\"><\/p>\n<p>Auch Gordy sollte sp\u00e4ter nicht alleine bleiben und so kam 2010 unsere erste Cardigan H\u00fcndin &#8222;Selmi&#8220; dazu. Gordy und Selmi sind sehr aufeinander bezogen, ein richtiges P\u00e4rchen.<\/p>\n<p><img loading=\"lazy\" decoding=\"async\" class=\"alignnone wp-image-542 size-thumbnail\" src=\"https:\/\/heriwecs.de\/wp-content\/uploads\/2018\/06\/P1070220-2-150x150.jpg\" alt=\"\" width=\"150\" height=\"150\">&nbsp;<img loading=\"lazy\" decoding=\"async\" class=\"alignnone wp-image-541 size-thumbnail\" src=\"https:\/\/heriwecs.de\/wp-content\/uploads\/2018\/06\/P1070210-2-150x150.jpg\" alt=\"\" width=\"150\" height=\"150\">&nbsp;<img loading=\"lazy\" decoding=\"async\" class=\"alignnone size-thumbnail wp-image-594\" src=\"https:\/\/heriwecs.de\/wp-content\/uploads\/2018\/06\/DSC8084-2-150x150.jpg\" alt=\"\" width=\"150\" height=\"150\"> <img loading=\"lazy\" decoding=\"async\" class=\"alignnone size-thumbnail wp-image-616\" src=\"https:\/\/heriwecs.de\/wp-content\/uploads\/2018\/06\/IMG_20180624_162141-2-150x150.jpg\" alt=\"\" width=\"150\" height=\"150\" srcset=\"https:\/\/heriwecs.de\/wp-content\/uploads\/2018\/06\/IMG_20180624_162141-2-150x150.jpg 150w, https:\/\/heriwecs.de\/wp-content\/uploads\/2018\/06\/IMG_20180624_162141-2-300x300.jpg 300w, https:\/\/heriwecs.de\/wp-content\/uploads\/2018\/06\/IMG_20180624_162141-2-768x768.jpg 768w, https:\/\/heriwecs.de\/wp-content\/uploads\/2018\/06\/IMG_20180624_162141-2.jpg 773w\" sizes=\"(max-width: 150px) 100vw, 150px\" \/>&nbsp;<\/p>\n<p>2014 ergab sich unverhofft die M\u00f6glichkeit \u201eSanta\u201c aufzunehmen. Mit ihr haben wir auch Ausstellungen im europ\u00e4ischen Ausland besucht und auf diese Weise weitere Einblicke in das internationale Zuchtgeschehen gewinnen k\u00f6nnen. Nach langem Vorlauf und gr\u00fcndlichen \u00dcberlegungen kam dann im Fr\u00fchjahr 2019 unser erster Wurf zur Welt. Santas Tochter Ailsa und ihr Bruder Astracan erinnern uns an diese besondere Zeit.<br><img loading=\"lazy\" decoding=\"async\" class=\"alignnone size-thumbnail wp-image-1660\" src=\"https:\/\/heriwecs.de\/wp-content\/uploads\/2019\/12\/DSC_8832-2-150x150.jpg\" alt=\"\" width=\"150\" height=\"150\"> <img loading=\"lazy\" decoding=\"async\" class=\"alignnone size-thumbnail wp-image-1658\" src=\"https:\/\/heriwecs.de\/wp-content\/uploads\/2019\/12\/DSC_9443-2-150x150.jpg\" alt=\"\" width=\"150\" height=\"150\"> <img loading=\"lazy\" decoding=\"async\" class=\"alignnone size-thumbnail wp-image-1789\" src=\"https:\/\/heriwecs.de\/wp-content\/uploads\/2020\/03\/DSC_8195-2-150x150.jpg\" alt=\"\" width=\"150\" height=\"150\"> <img loading=\"lazy\" decoding=\"async\" class=\"alignnone size-thumbnail wp-image-1793\" src=\"https:\/\/heriwecs.de\/wp-content\/uploads\/2020\/03\/DSC_9495-2-150x150.jpg\" alt=\"\" width=\"150\" height=\"150\"><\/p>\n<p>Die Corgis teilen sich ihr Domizil \u00fcbrigens mit unseren Maine Coon Katzen. Damit sich in unserem Garten nicht nur Hunde und Katzen sondern auch andere Tierarten wohlf\u00fchlen, versuchen wir durch naturnahes G\u00e4rtnern passende Lebensr\u00e4ume f\u00fcr V\u00f6gel und Insekten zu schaffen. Und weil G\u00e4rtnern und Werkeln zu unseren Hobbys z\u00e4hlen, gibt es bei uns immer mehrere Baustellen, an denen gleichzeitig gearbeitet wird \ud83d\ude09<\/p>\n<p><img loading=\"lazy\" decoding=\"async\" class=\"alignnone size-thumbnail wp-image-328\" src=\"https:\/\/heriwecs.de\/wp-content\/uploads\/2018\/05\/DSC7664-2-150x150.jpg\" alt=\"\" width=\"150\" height=\"150\" srcset=\"https:\/\/heriwecs.de\/wp-content\/uploads\/2018\/05\/DSC7664-2-150x150.jpg 150w, https:\/\/heriwecs.de\/wp-content\/uploads\/2018\/05\/DSC7664-2-100x100.jpg 100w\" sizes=\"(max-width: 150px) 100vw, 150px\" \/> <img loading=\"lazy\" decoding=\"async\" class=\"alignnone size-thumbnail wp-image-543\" src=\"https:\/\/heriwecs.de\/wp-content\/uploads\/2018\/06\/DSC5584-2-150x150.jpg\" alt=\"\" width=\"150\" height=\"150\"> <img loading=\"lazy\" decoding=\"async\" class=\"alignnone size-thumbnail wp-image-327\" src=\"https:\/\/heriwecs.de\/wp-content\/uploads\/2018\/05\/DSC7650-2-150x150.jpg\" alt=\"\" width=\"150\" height=\"150\" srcset=\"https:\/\/heriwecs.de\/wp-content\/uploads\/2018\/05\/DSC7650-2-150x150.jpg 150w, https:\/\/heriwecs.de\/wp-content\/uploads\/2018\/05\/DSC7650-2-100x100.jpg 100w\" sizes=\"(max-width: 150px) 100vw, 150px\" \/> <img loading=\"lazy\" decoding=\"async\" class=\"alignnone size-thumbnail wp-image-552\" src=\"https:\/\/heriwecs.de\/wp-content\/uploads\/2018\/06\/P1070284-2-150x150.jpg\" alt=\"\" width=\"150\" height=\"150\"><\/p>\n\n\n<p> <strong><em>\u00a9 Heriwecs 2020<\/em><\/strong><\/p>\n","protected":false},"excerpt":{"rendered":"<p>1989 kam der erste Hund ins Haus &#8211; es war eine Altdeutsche Sch\u00e4ferh\u00fcndin aus dem Tierheim (1988-2002). Sie hatte ein wunderbares Wesen und war ganz einfach der beste Hund der Welt. Auch die nachfolgenden Hunde, ein Wolfsspitzmischling (1992-2006) und eine Corgi-\u00e4hnliche Mischlingsh\u00fcndin (1996-2009), kamen aus dem Tierschutz; alle drei lebten harmonisch zusammen &#8211; auch mit &hellip; <a href=\"https:\/\/heriwecs.de\/?page_id=532\" class=\"more-link\"><span class=\"screen-reader-text\">\u00dcber uns\/ about us<\/span> weiterlesen<\/a><\/p>\n","protected":false},"author":1,"featured_media":0,"parent":7,"menu_order":0,"comment_status":"closed","ping_status":"closed","template":"","meta":{"ngg_post_thumbnail":0,"footnotes":""},"class_list":["post-532","page","type-page","status-publish","hentry"],"_links":{"self":[{"href":"https:\/\/heriwecs.de\/index.php?rest_route=\/wp\/v2\/pages\/532","targetHints":{"allow":["GET"]}}],"collection":[{"href":"https:\/\/heriwecs.de\/index.php?rest_route=\/wp\/v2\/pages"}],"about":[{"href":"https:\/\/heriwecs.de\/index.php?rest_route=\/wp\/v2\/types\/page"}],"author":[{"embeddable":true,"href":"https:\/\/heriwecs.de\/index.php?rest_route=\/wp\/v2\/users\/1"}],"replies":[{"embeddable":true,"href":"https:\/\/heriwecs.de\/index.php?rest_route=%2Fwp%2Fv2%2Fcomments&post=532"}],"version-history":[{"count":40,"href":"https:\/\/heriwecs.de\/index.php?rest_route=\/wp\/v2\/pages\/532\/revisions"}],"predecessor-version":[{"id":1832,"href":"https:\/\/heriwecs.de\/index.php?rest_route=\/wp\/v2\/pages\/532\/revisions\/1832"}],"up":[{"embeddable":true,"href":"https:\/\/heriwecs.de\/index.php?rest_route=\/wp\/v2\/pages\/7"}],"wp:attachment":[{"href":"https:\/\/heriwecs.de\/index.php?rest_route=%2Fwp%2Fv2%2Fmedia&parent=532"}],"curies":[{"name":"wp","href":"https:\/\/api.w.org\/{rel}","templated":true}]}}